{"id":1735,"date":"2024-04-02T09:34:17","date_gmt":"2024-04-02T07:34:17","guid":{"rendered":"https:\/\/vspoysdorf.ac.at\/?page_id=1735"},"modified":"2025-10-07T11:28:29","modified_gmt":"2025-10-07T09:28:29","slug":"leseaktivitaeten","status":"publish","type":"page","link":"https:\/\/vspoysdorf.ac.at\/?page_id=1735","title":{"rendered":"Leseangebot"},"content":{"rendered":"\n<div class=\"wp-block-media-text alignwide is-stacked-on-mobile\" style=\"grid-template-columns:38% auto\"><figure class=\"wp-block-media-text__media\"><img loading=\"lazy\" decoding=\"async\" width=\"1024\" height=\"768\" src=\"http:\/\/vspoysdorf.ac.at\/wp-content\/uploads\/2024\/09\/20240902_072402-1024x768.jpg\" alt=\"\" class=\"wp-image-1993 size-full\" srcset=\"https:\/\/vspoysdorf.ac.at\/wp-content\/uploads\/2024\/09\/20240902_072402-1024x768.jpg 1024w, https:\/\/vspoysdorf.ac.at\/wp-content\/uploads\/2024\/09\/20240902_072402-300x225.jpg 300w, https:\/\/vspoysdorf.ac.at\/wp-content\/uploads\/2024\/09\/20240902_072402-768x576.jpg 768w, https:\/\/vspoysdorf.ac.at\/wp-content\/uploads\/2024\/09\/20240902_072402-1536x1152.jpg 1536w, https:\/\/vspoysdorf.ac.at\/wp-content\/uploads\/2024\/09\/20240902_072402-2048x1536.jpg 2048w, https:\/\/vspoysdorf.ac.at\/wp-content\/uploads\/2024\/09\/20240902_072402-1568x1176.jpg 1568w\" sizes=\"auto, (max-width: 1024px) 100vw, 1024px\" \/><\/figure><div class=\"wp-block-media-text__content\">\n<p class=\"has-text-align-center has-gray-color has-text-color has-link-color has-extra-large-font-size wp-elements-f37d583303b1e518c84ec66177915bb0\"><strong>Neugestaltung unserer Schulbibliothek<\/strong><\/p>\n<\/div><\/div>\n\n\n\n<figure class=\"wp-block-gallery has-nested-images columns-default is-cropped wp-block-gallery-1 is-layout-flex wp-block-gallery-is-layout-flex\">\n<figure class=\"wp-block-image size-large\"><img loading=\"lazy\" decoding=\"async\" width=\"768\" height=\"1024\" data-id=\"2918\" src=\"https:\/\/vspoysdorf.ac.at\/wp-content\/uploads\/2025\/10\/20241023_123602-768x1024.jpg\" alt=\"\" class=\"wp-image-2918\" srcset=\"https:\/\/vspoysdorf.ac.at\/wp-content\/uploads\/2025\/10\/20241023_123602-768x1024.jpg 768w, https:\/\/vspoysdorf.ac.at\/wp-content\/uploads\/2025\/10\/20241023_123602-225x300.jpg 225w, https:\/\/vspoysdorf.ac.at\/wp-content\/uploads\/2025\/10\/20241023_123602-1152x1536.jpg 1152w, https:\/\/vspoysdorf.ac.at\/wp-content\/uploads\/2025\/10\/20241023_123602-1536x2048.jpg 1536w, https:\/\/vspoysdorf.ac.at\/wp-content\/uploads\/2025\/10\/20241023_123602-1568x2091.jpg 1568w, https:\/\/vspoysdorf.ac.at\/wp-content\/uploads\/2025\/10\/20241023_123602-scaled.jpg 1920w\" sizes=\"auto, (max-width: 768px) 100vw, 768px\" \/><\/figure>\n\n\n\n<figure class=\"wp-block-image size-large\"><img loading=\"lazy\" decoding=\"async\" width=\"1024\" height=\"768\" data-id=\"2916\" src=\"https:\/\/vspoysdorf.ac.at\/wp-content\/uploads\/2025\/10\/20241023_123631-1024x768.jpg\" alt=\"\" class=\"wp-image-2916\" srcset=\"https:\/\/vspoysdorf.ac.at\/wp-content\/uploads\/2025\/10\/20241023_123631-1024x768.jpg 1024w, https:\/\/vspoysdorf.ac.at\/wp-content\/uploads\/2025\/10\/20241023_123631-300x225.jpg 300w, https:\/\/vspoysdorf.ac.at\/wp-content\/uploads\/2025\/10\/20241023_123631-768x576.jpg 768w, https:\/\/vspoysdorf.ac.at\/wp-content\/uploads\/2025\/10\/20241023_123631-1536x1152.jpg 1536w, https:\/\/vspoysdorf.ac.at\/wp-content\/uploads\/2025\/10\/20241023_123631-2048x1536.jpg 2048w, https:\/\/vspoysdorf.ac.at\/wp-content\/uploads\/2025\/10\/20241023_123631-1568x1176.jpg 1568w\" sizes=\"auto, (max-width: 1024px) 100vw, 1024px\" \/><\/figure>\n\n\n\n<figure class=\"wp-block-image size-large\"><img loading=\"lazy\" decoding=\"async\" width=\"1024\" height=\"768\" data-id=\"2917\" src=\"https:\/\/vspoysdorf.ac.at\/wp-content\/uploads\/2025\/10\/Foto_1-1024x768.jpg\" alt=\"\" class=\"wp-image-2917\" srcset=\"https:\/\/vspoysdorf.ac.at\/wp-content\/uploads\/2025\/10\/Foto_1-1024x768.jpg 1024w, https:\/\/vspoysdorf.ac.at\/wp-content\/uploads\/2025\/10\/Foto_1-300x225.jpg 300w, https:\/\/vspoysdorf.ac.at\/wp-content\/uploads\/2025\/10\/Foto_1-768x576.jpg 768w, https:\/\/vspoysdorf.ac.at\/wp-content\/uploads\/2025\/10\/Foto_1-1536x1152.jpg 1536w, https:\/\/vspoysdorf.ac.at\/wp-content\/uploads\/2025\/10\/Foto_1-2048x1536.jpg 2048w, https:\/\/vspoysdorf.ac.at\/wp-content\/uploads\/2025\/10\/Foto_1-1568x1176.jpg 1568w\" sizes=\"auto, (max-width: 1024px) 100vw, 1024px\" \/><\/figure>\n<\/figure>\n\n\n\n<p class=\"has-text-align-center has-gray-color has-text-color has-link-color has-extra-large-font-size wp-elements-e6a635e15e54d8c98eb4be4cf715ee04\"><strong>Im Laufe des Schuljahres werden vielerlei  Leseschwerpunkte gesetzt:<\/strong><\/p>\n\n\n\n<p class=\"has-text-align-center has-gray-color has-text-color has-link-color has-large-font-size wp-elements-4b27db4544c90b1101f219034c4a44ba\"><strong>Lesekooperation mit dem Hilfswerk<\/strong>:<br><strong>Gemeinsame Lesezeit!<\/strong><br>In Zusammenarbeit mit dem Hilfswerk Poysdorf werden die Kinder der 2. Schulstufe w\u00f6chentlich von ehrenamtlichen Lesehelferinnen besucht.<br>Dieses Projekt erm\u00f6glicht es, dass viele Kinder in kurzer Zeit gut in Ihrem individuellen Lernprozess begleitet werden k\u00f6nnen!<\/p>\n\n\n\n<div class=\"wp-block-media-text alignwide is-stacked-on-mobile\" style=\"grid-template-columns:39% auto\"><figure class=\"wp-block-media-text__media\"><img decoding=\"async\" src=\"http:\/\/vspoysdorf.ac.at\/wp-content\/uploads\/2025\/04\/29-Stadtbibliothek-4-768x1024.jpg\" alt=\"\" class=\"wp-image-2477 size-full\"\/><\/figure><div class=\"wp-block-media-text__content\">\n<p class=\"has-gray-color has-text-color has-link-color has-large-font-size wp-elements-1b7aeef63117aef046e4dced17818bc5\">Im Rahmen unserer <strong>Kooperation mit der Stadtb\u00fccherei Poysdorf <\/strong>besuchen die Schulkinder 4 Jahre lang regelm\u00e4\u00dfig die B\u00fccherei und lernen dort sehr viel \u00fcber B\u00fccher und das Lesen!<\/p>\n<\/div><\/div>\n\n\n\n<div class=\"wp-block-media-text alignwide is-stacked-on-mobile\" style=\"grid-template-columns:39% auto\"><figure class=\"wp-block-media-text__media\"><img loading=\"lazy\" decoding=\"async\" width=\"1024\" height=\"768\" src=\"https:\/\/vspoysdorf.ac.at\/wp-content\/uploads\/2025\/10\/20240625_143148_resized_1-1024x768.jpg\" alt=\"\" class=\"wp-image-2928 size-full\" srcset=\"https:\/\/vspoysdorf.ac.at\/wp-content\/uploads\/2025\/10\/20240625_143148_resized_1-1024x768.jpg 1024w, https:\/\/vspoysdorf.ac.at\/wp-content\/uploads\/2025\/10\/20240625_143148_resized_1-300x225.jpg 300w, https:\/\/vspoysdorf.ac.at\/wp-content\/uploads\/2025\/10\/20240625_143148_resized_1-768x576.jpg 768w, https:\/\/vspoysdorf.ac.at\/wp-content\/uploads\/2025\/10\/20240625_143148_resized_1-1536x1152.jpg 1536w, https:\/\/vspoysdorf.ac.at\/wp-content\/uploads\/2025\/10\/20240625_143148_resized_1-1568x1176.jpg 1568w, https:\/\/vspoysdorf.ac.at\/wp-content\/uploads\/2025\/10\/20240625_143148_resized_1.jpg 2016w\" sizes=\"auto, (max-width: 1024px) 100vw, 1024px\" \/><\/figure><div class=\"wp-block-media-text__content\">\n<p class=\"has-gray-color has-text-color has-link-color has-large-font-size wp-elements-1c96ede63b94caf25642a3c5b3abd3fb\">Organisation von <strong>Lesenachmittagen oder Lesen\u00e4chten<\/strong>, wo an ganz besonderen Orten bzw. zu besonderen Themen gelesen wird.<\/p>\n<\/div><\/div>\n\n\n\n<div class=\"wp-block-media-text alignwide is-stacked-on-mobile\" style=\"grid-template-columns:39% auto\"><figure class=\"wp-block-media-text__media\"><img decoding=\"async\" src=\"http:\/\/vspoysdorf.ac.at\/wp-content\/uploads\/2025\/04\/20250425_123452-1024x768.jpg\" alt=\"\" class=\"wp-image-2561 size-full\"\/><\/figure><div class=\"wp-block-media-text__content\">\n<p class=\"has-gray-color has-text-color has-link-color has-large-font-size wp-elements-f4cd980826774d4c36e5c5c9642bcbc3\">Allj\u00e4hrliche Organisation einer <strong>Autorenlesung<\/strong> in <br>Kooperation mit der ortsans\u00e4ssigen Buchhandlung!<\/p>\n<\/div><\/div>\n\n\n\n<div class=\"wp-block-media-text alignwide is-stacked-on-mobile\" style=\"grid-template-columns:39% auto\"><figure class=\"wp-block-media-text__media\"><img decoding=\"async\" src=\"http:\/\/vspoysdorf.ac.at\/wp-content\/uploads\/2025\/04\/32-Vorlesetag-4-1024x768.jpg\" alt=\"\" class=\"wp-image-2506 size-full\"\/><\/figure><div class=\"wp-block-media-text__content\">\n<p class=\"has-gray-color has-text-color has-link-color has-large-font-size wp-elements-94bef7a49fd3cf1cc60df55b754834c8\">Klasseninterne <strong>Lesetage<\/strong> zu verschiedenen Themen <br>in Gruppenarbeit!<\/p>\n<\/div><\/div>\n\n\n\n<div class=\"wp-block-media-text alignwide is-stacked-on-mobile\" style=\"grid-template-columns:39% auto\"><figure class=\"wp-block-media-text__media\"><img loading=\"lazy\" decoding=\"async\" width=\"1024\" height=\"768\" src=\"http:\/\/vspoysdorf.ac.at\/wp-content\/uploads\/2024\/12\/16-Bee-Bots-1-1024x768.jpg\" alt=\"\" class=\"wp-image-2194 size-full\" srcset=\"https:\/\/vspoysdorf.ac.at\/wp-content\/uploads\/2024\/12\/16-Bee-Bots-1-1024x768.jpg 1024w, https:\/\/vspoysdorf.ac.at\/wp-content\/uploads\/2024\/12\/16-Bee-Bots-1-300x225.jpg 300w, https:\/\/vspoysdorf.ac.at\/wp-content\/uploads\/2024\/12\/16-Bee-Bots-1-768x576.jpg 768w, https:\/\/vspoysdorf.ac.at\/wp-content\/uploads\/2024\/12\/16-Bee-Bots-1-1536x1152.jpg 1536w, https:\/\/vspoysdorf.ac.at\/wp-content\/uploads\/2024\/12\/16-Bee-Bots-1-2048x1536.jpg 2048w, https:\/\/vspoysdorf.ac.at\/wp-content\/uploads\/2024\/12\/16-Bee-Bots-1-1568x1176.jpg 1568w\" sizes=\"auto, (max-width: 1024px) 100vw, 1024px\" \/><\/figure><div class=\"wp-block-media-text__content\">\n<p class=\"has-gray-color has-text-color has-link-color has-large-font-size wp-elements-b3b1d13114b989aeed5b7bc230d71055\"><strong>Digitales Lese\u00fcbungen<\/strong><\/p>\n\n\n\n<p class=\"has-gray-color has-text-color has-link-color has-large-font-size wp-elements-a6996f459ce24e4968e4a98ecd8a2889\">Zum Beispiel erste Laut\u00fcbungen mit den &#8222;Bee Bots&#8220;.<\/p>\n<\/div><\/div>\n\n\n\n<div class=\"wp-block-media-text alignwide is-stacked-on-mobile\" style=\"grid-template-columns:39% auto\"><figure class=\"wp-block-media-text__media\"><img loading=\"lazy\" decoding=\"async\" width=\"1024\" height=\"768\" src=\"http:\/\/vspoysdorf.ac.at\/wp-content\/uploads\/2023\/11\/20231122_105850-1024x768.jpg\" alt=\"\" class=\"wp-image-1462 size-full\" srcset=\"https:\/\/vspoysdorf.ac.at\/wp-content\/uploads\/2023\/11\/20231122_105850-1024x768.jpg 1024w, https:\/\/vspoysdorf.ac.at\/wp-content\/uploads\/2023\/11\/20231122_105850-300x225.jpg 300w, https:\/\/vspoysdorf.ac.at\/wp-content\/uploads\/2023\/11\/20231122_105850-768x576.jpg 768w, https:\/\/vspoysdorf.ac.at\/wp-content\/uploads\/2023\/11\/20231122_105850-1536x1152.jpg 1536w, https:\/\/vspoysdorf.ac.at\/wp-content\/uploads\/2023\/11\/20231122_105850-2048x1536.jpg 2048w, https:\/\/vspoysdorf.ac.at\/wp-content\/uploads\/2023\/11\/20231122_105850-1568x1176.jpg 1568w\" sizes=\"auto, (max-width: 1024px) 100vw, 1024px\" \/><\/figure><div class=\"wp-block-media-text__content\">\n<p class=\"has-gray-color has-text-color has-link-color has-large-font-size wp-elements-287712547244cad147d41b37f1399636\">Besuch einer <strong>Buchausstellung<\/strong> in jedem Schuljahr!<\/p>\n<\/div><\/div>\n\n\n\n<div class=\"wp-block-media-text alignwide is-stacked-on-mobile\" style=\"grid-template-columns:39% auto\"><figure class=\"wp-block-media-text__media\"><img loading=\"lazy\" decoding=\"async\" width=\"1024\" height=\"768\" src=\"http:\/\/vspoysdorf.ac.at\/wp-content\/uploads\/2023\/11\/20231108_073848-1024x768.jpg\" alt=\"\" class=\"wp-image-1417 size-full\" srcset=\"https:\/\/vspoysdorf.ac.at\/wp-content\/uploads\/2023\/11\/20231108_073848-1024x768.jpg 1024w, https:\/\/vspoysdorf.ac.at\/wp-content\/uploads\/2023\/11\/20231108_073848-300x225.jpg 300w, https:\/\/vspoysdorf.ac.at\/wp-content\/uploads\/2023\/11\/20231108_073848-768x576.jpg 768w, https:\/\/vspoysdorf.ac.at\/wp-content\/uploads\/2023\/11\/20231108_073848-1536x1152.jpg 1536w, https:\/\/vspoysdorf.ac.at\/wp-content\/uploads\/2023\/11\/20231108_073848-2048x1536.jpg 2048w, https:\/\/vspoysdorf.ac.at\/wp-content\/uploads\/2023\/11\/20231108_073848-1568x1176.jpg 1568w\" sizes=\"auto, (max-width: 1024px) 100vw, 1024px\" \/><\/figure><div class=\"wp-block-media-text__content\">\n<p class=\"has-gray-color has-text-color has-link-color has-large-font-size wp-elements-57b00ee928410fbdaa18011b468485ac\">J\u00e4hrlich wird ein <strong>Lesetag f\u00fcr die ganze Schule<\/strong> organisert!<\/p>\n\n\n\n<p class=\"has-gray-color has-text-color has-link-color has-large-font-size wp-elements-26dbae2ac9e86d526b4e5418dc341557\">2023 wurde zum Beispiel ein &#8222;Vorlesetag&#8220; angeboten, an dem jedes Kind eine Eintrittskarte f\u00fcr die Pr\u00e4sentation eines Kinderbuches ausw\u00e4hlen durfte.<\/p>\n<\/div><\/div>\n\n\n\n<div class=\"wp-block-media-text alignwide is-stacked-on-mobile\" style=\"grid-template-columns:39% auto\"><figure class=\"wp-block-media-text__media\"><img loading=\"lazy\" decoding=\"async\" width=\"726\" height=\"1024\" src=\"https:\/\/vspoysdorf.ac.at\/wp-content\/uploads\/2024\/04\/20240402_123128-726x1024.jpg\" alt=\"\" class=\"wp-image-1756 size-full\" srcset=\"https:\/\/vspoysdorf.ac.at\/wp-content\/uploads\/2024\/04\/20240402_123128-726x1024.jpg 726w, https:\/\/vspoysdorf.ac.at\/wp-content\/uploads\/2024\/04\/20240402_123128-213x300.jpg 213w, https:\/\/vspoysdorf.ac.at\/wp-content\/uploads\/2024\/04\/20240402_123128-768x1083.jpg 768w, https:\/\/vspoysdorf.ac.at\/wp-content\/uploads\/2024\/04\/20240402_123128-1090x1536.jpg 1090w, https:\/\/vspoysdorf.ac.at\/wp-content\/uploads\/2024\/04\/20240402_123128-1453x2048.jpg 1453w, https:\/\/vspoysdorf.ac.at\/wp-content\/uploads\/2024\/04\/20240402_123128-1568x2210.jpg 1568w, https:\/\/vspoysdorf.ac.at\/wp-content\/uploads\/2024\/04\/20240402_123128-scaled.jpg 1816w\" sizes=\"auto, (max-width: 726px) 100vw, 726px\" \/><\/figure><div class=\"wp-block-media-text__content\">\n<p class=\"has-gray-color has-text-color has-link-color wp-elements-f335dfacccf8459d63892134cb02e05a\"><strong>J\u00e4hrliche Teilnahme an Nieder\u00f6sterreichs gr\u00f6\u00dfter Leseaktion:<\/strong> <strong>ZEIT.PUNKT.LESEN<\/strong><\/p>\n\n\n\n<p class=\"has-gray-color has-text-color has-link-color wp-elements-8fd738fb9c199eea48b615e591ddb6e8\"><strong>WIR GEMEINSAM KLASSE<\/strong> lautete das Motto 2024. <br>Themen wie F\u00f6rderung der Klassengemeinschaft und Mobbingpr\u00e4vention stehen dieses Jahr im Mittelpunkt. <br>Mit dem Leitmotiv <strong>LESEN IST MEHR<\/strong> vermittelt Zeit Punkt Lesen eine bunte und lebendige Lesekultur im Leseland Nieder\u00f6sterreichs. <br>Lesen er\u00f6ffnet den Zugang zu unterschiedlichen Erfahrungswelten und erm\u00f6glicht es, die Persepektiven und Gef\u00fchlswelten unserer Mitmenschen zu erleben und nachvollziebar zu machen. <br>Motivieren wir die Kinder dazu, die Freude am Lesen zu entdecken!<\/p>\n<\/div><\/div>\n","protected":false},"excerpt":{"rendered":"<p>Neugestaltung unserer Schulbibliothek Im Laufe des Schuljahres werden vielerlei Leseschwerpunkte gesetzt: Lesekooperation mit dem Hilfswerk:Gemeinsame Lesezeit!In Zusammenarbeit mit dem Hilfswerk Poysdorf werden die Kinder der 2. Schulstufe w\u00f6chentlich von ehrenamtlichen Lesehelferinnen besucht.Dieses Projekt erm\u00f6glicht es, dass viele Kinder in kurzer Zeit gut in Ihrem individuellen Lernprozess begleitet werden k\u00f6nnen! Im Rahmen unserer Kooperation mit der&hellip; <a class=\"more-link\" href=\"https:\/\/vspoysdorf.ac.at\/?page_id=1735\"><span class=\"screen-reader-text\">Leseangebot<\/span> weiterlesen<\/a><\/p>\n","protected":false},"author":1,"featured_media":0,"parent":0,"menu_order":0,"comment_status":"closed","ping_status":"closed","template":"","meta":{"footnotes":""},"class_list":["post-1735","page","type-page","status-publish","hentry","entry"],"_links":{"self":[{"href":"https:\/\/vspoysdorf.ac.at\/index.php?rest_route=\/wp\/v2\/pages\/1735","targetHints":{"allow":["GET"]}}],"collection":[{"href":"https:\/\/vspoysdorf.ac.at\/index.php?rest_route=\/wp\/v2\/pages"}],"about":[{"href":"https:\/\/vspoysdorf.ac.at\/index.php?rest_route=\/wp\/v2\/types\/page"}],"author":[{"embeddable":true,"href":"https:\/\/vspoysdorf.ac.at\/index.php?rest_route=\/wp\/v2\/users\/1"}],"replies":[{"embeddable":true,"href":"https:\/\/vspoysdorf.ac.at\/index.php?rest_route=%2Fwp%2Fv2%2Fcomments&post=1735"}],"version-history":[{"count":27,"href":"https:\/\/vspoysdorf.ac.at\/index.php?rest_route=\/wp\/v2\/pages\/1735\/revisions"}],"predecessor-version":[{"id":2943,"href":"https:\/\/vspoysdorf.ac.at\/index.php?rest_route=\/wp\/v2\/pages\/1735\/revisions\/2943"}],"wp:attachment":[{"href":"https:\/\/vspoysdorf.ac.at\/index.php?rest_route=%2Fwp%2Fv2%2Fmedia&parent=1735"}],"curies":[{"name":"wp","href":"https:\/\/api.w.org\/{rel}","templated":true}]}}